 be 4 - (-1 + (-1)/1). Let w(g) = f*l(g) + a(g). Let i be (96/28)/(-3)*112/(-32). Give w(i).
2
Let n = -9 - -12. Let g(k) = -2*k + 1. Let d(r) = -r. Let s(b) = n*g(b) - 3*d(b). Calculate s(2).
-3
Let b(o) = -1 - 6*o + 0*o + o. Suppose -8*u + 17 = -9*u + 5*a, 0 = -4*u + 5*a - 23. What is b(u)?
9
Let h(t) = 0 - t + 2 + 0. Let s = 1759 - 1755. Give h(s).
-2
Let l be (-3)/(-6) + (-39)/6. Let q = 12 + l. Let g(y) = -6*y - 2. Let c(p) = -2*p - 1. Let w(m) = -11*c(m) + 4*g(m). Determine w(q).
-9
Let t(b) = -b + 15. Let g(i) = i - 13. Let c(k) = -6*g(k) - 5*t(k). Give c(8).
-5
Let z = 4 + 1. Let u(t) = 2*t**2. Let k be u(1). Let l(n) = -5 + 4*n + 3*n**2 - 4*n**k + 0*n**2. What is l(z)?
-10
Let f(l) = 2*l**2 - l**2 + 9 - 2*l + l. Suppose -5*o = o - 24. Suppose i + 9*p = o*p, 0 = 4*i + 4*p. Give f(i).
9
Let m(n) be the second derivative of -n**5/20 + n**4/2 - n**3/6 + 3*n**2/2 + n - 66. Let j = -10 - -16. Give m(j).
-3
Let f(i) = i**3 + 14*i**2 + 25*i + 12. Let o be f(-12). Let m(n) = -n - 6. What is m(o)?
-6
Let w(p) be the first derivative of -1/20*p**5 + p + 0*p**4 + 0*p**2 + 0*p**3 - 7. Let f(v) be the first derivative of w(v). Calculate f(-1).
1
Let b(d) = 7*d**3 - 3*d**2 - 8*d + 1. Let t(f) = 13*f**3 - 5*f**2 - 15*f + 2. Let x(c) = -2*c - 10. Let o be x(-8). Let r(n) = o*t(n) - 11*b(n). Give r(-3).
7
Suppose -6 + 14 = -4*u. Let b(r) be the second derivative of -1/6*r**4 + 0*r**3 + r - 1/20*r**5 - 1/2*r**2 + 0. Calculate b(u).
-1
Let o be (-20 - -8 - -2) + -2 + 0. Let s(r) = -r**2 - 15*r - 18. Determine s(o).
18
Let t = -103 - -101. Let b(g) = g**3 + 2*g**2 + 2*g - 2. Calculate b(t).
-6
Let r(j) = 6*j**3 + 2*j**2 + 2*j + 1. Suppose -5*l - 23 + 53 = 0. Suppose 4 = 2*f + l. Calculate r(f).
-5
Let x be (-120)/(-42) - (-2)/14. Suppose -u + 2 = x. Let d(a) = 13*a**2 - 1. Determine d(u).
12
Let a(q) = -q + 14. Let s(t) = 2*t - 27. Let c(f) = -7*a(f) - 4*s(f). Let l = 34 + -28. Suppose -v = l*v. What is c(v)?
10
Suppose 379*v - 374*v - 4*u + 37 = 0, -u + 13 = -2*v. Let h(s) be the second derivative of -s**5/20 - s**4/2 - s**3/6 + 2*s**2 + s. What is h(v)?
-16
Suppose 24 = 3*g - o, -3*o = -2*g - o + 12. Let d be 5/((-25)/(-10)) - -4. Let v be (g/(-27))/(2/d). Let k(s) = 7*s - 1. Calculate k(v).
-8
Let q(z) = -7*z**2 - 7*z - 7. Let f(g) = 4*g**2 + 4*g + 4. Let m(l) = 5*f(l) + 3*q(l). Let x(h) = -6*h**2 + 2*h - 12. Let o(s) = 5*m(s) - x(s). Calculate o(7).
7
Let z(k) = 6*k - 4 + 315*k**3 - 3*k + 4*k - 6*k**2 - 316*k**3. Suppose -4*a - 33 = s, a = 3*s + 2*s + 18. What is z(a)?
-4
Let n be 2*1/4*4. Suppose -n*r = 3*r. Let y be r + (-2 - (2 - 7)). Let t(i) = -i**3 + 4*i**2 - 2*i + 3. Calculate t(y).
6
Suppose 0 = 3*u - 3, q + 5 = 2*q + 3*u. Let d(y) = 10*y**2 - 20*y**2 - y + 9*y**2. Let z(s) = 6*s. Let g(c) = -3*d(c) - z(c). Give g(q).
6
Let c(x) be the second derivative of -1/6*x**3 - 1/20*x**5 - 5/2*x**2 - 20*x + 0 + 1/12*x**4. Calculate c(0).
-5
Let n(q) = -q + 1. Let m(y) = -y**3 - y**2 + 10*y - 2. Let b(x) = -m(x) - 5*n(x). Suppose -11*v = -78*v - 201. What is b(v)?
-6
Let m(f) = f - 8. Let r(k) = -6*k + 40. Let w(t) = -16*m(t) - 3*r(t). Let c(o) = -o - 5. Let h(b) = -5*c(b) - 2*w(b). What is h(-4)?
5
Let q be -4 + 2 + (-40)/(-2). Let x be (-15)/3*q/(-10). Suppose 6*c = 9*c + x. Let i(f) = f**2 + 3*f + 4. Calculate i(c).
4
Let i(r) = r + 16. Suppose 5*n + 5 = 0, -12 = -b + 5*n + 8. Suppose 22*g - b*g = -63. Give i(g).
7
Suppose -21*k + 3*t = -16*k - 57, -t = 4*k - 49. Let a(s) = -s**3 + 13*s**2 - 15*s + 2. Determine a(k).
-34
Let p(m) = -6*m - 5. Let v(t) = -15*t - 14. Let h(z) = -8*p(z) + 3*v(z). Calculate h(9).
25
Let m(f) = -2*f - 11. Let v be ((-6)/(-4))/(24/(-160)) + 2. What is m(v)?
5
Let y(b) be the first derivative of -b**4/4 - 2*b**3 + 2*b**2 + 6*b + 3. Calculate y(-6).
-18
Let t(p) = -5442*p - 4 + 10866*p - 5430*p - 2*p**2 + 3*p**2. Let d be (6/(-5))/((-1)/5). Calculate t(d).
-4
Let o(u) = -12*u + 13. Let p be o(6). Let x = p - -54. Let k(j) = -j**2 - 7*j - 4. What is k(x)?
6
Let v(j) = -7*j + 15. Let x(f) = 20*f - 44. Let g(m) = -14*v(m) - 5*x(m). Give g(8).
-6
Let v(r) be the first derivative of -9*r**2 + 0*r**2 + r**2 - 2 - 4*r**2 - 2*r. Let a(t) = -36*t - 3. Let x(k) = -5*a(k) + 8*v(k). What is x(-1)?
11
Suppose 19*l - 3*l = -96. Let i(z) be the first derivative of -z**2/2 - 8*z + 2. Calculate i(l).
-2
Let h(k) = -k**2 + 7*k - 25. Let s(l) = l**2 - 6*l + 27. Let d(x) = 6*h(x) + 5*s(x). Determine d(10).
5
Let x be (-1)/2 + (-102)/(-48)*4. Suppose 2*p = 4*q - x, 3*p - q = -p + 12. Let i(a) = a**2 - 4*a - 4. Give i(p).
-4
Suppose -2*l - 6 = 0, 5*j + 0*l = 4*l + 2. Let h(p) = 3*p**2 - p + 1. Let z(u) = -u**2 + u. Let f(n) = j*h(n) - 5*z(n). Let a = 216 + -219. Determine f(a).
-2
Let x(j) be the first derivative of j**2/2 - 10*j - 5. Suppose 245*z + 72 = 254*z. What is x(z)?
-2
Suppose 5*r - 7*r = -8. Let h(c) = 5 + 2*c - r*c - c**2 - 2 - 7. Determine h(-3).
-7
Let y(c) = -4*c**2 - 4 - 2*c + 6*c**2 + 11 - 5 - 9*c**3. Determine y(1).
-7
Let d(y) = 2*y**2 + 2*y + 5. Let z be d(-2). Let w(n) = -1 - z*n + 5 - n**2 + n + 4*n. Determine w(-5).
-1
Suppose 3*h - 20 = -5*i, 3*h + 5*i - 20 = h. Let p be 3 + h - -1*12. Let u be ((-40)/p)/(4/(-6)). Let z(k) = k**2 - 3*k + 5. Determine z(u).
9
Let u(q) = -q**2 + 4*q - 6. Suppose 0 = m - 87 + 83. Determine u(m).
-6
Let c(q) = -2*q + 3. Suppose 0 = -6*j + 3*j + 9. Suppose 0 = 4*g + 18 - 6, -j*g + 6 = 3*n. Give c(n).
-7
Let j be 1*(2 - 6/3) - -1. Let l(w) = -2*w + 3 - 4 + 3*w. Let d(n) = -1. Let c(t) = j*l(t) - 2*d(t). Determine c(5).
6
Let w(m) = -10*m**3 - 1 - 24*m**3 - 2*m + 36*m**3 - 3*m**3 - 4*m**2. Calculate w(-4).
7
Let j(h) be the first derivative of -1/2*h**2 - 29 - 1/3*h**3 + h. Calculate j(1).
-1
Let h(y) = 68 + 32 - 3*y - 109. Let q = 9 - 17. Give h(q).
15
Suppose 0 = 4*b - 3*q + 13, 2*b + 3*q - 2*q + 9 = 0. Let s(v) = 526 + 0*v - 524 - v. Give s(b).
6
Let n(y) be the second derivative of y**5/60 + y**4/4 - 2*y**3 - 8*y. Let w(t) be the second derivative of n(t). Give w(-5).
-4
Let t(c) be the third derivative of -c**7/5040 - c**6/144 + c**5/6 + 20*c**2. Let p(f) be the third derivative of t(f). Calculate p(4).
-9
Let n(w) be the third derivative of w**5/60 - 3*w**4/4 + 6*w**3 - 19*w**2 - 2. Calculate n(16).
4
Suppose -r - 3 = -k - 1, -3*r = 4*k - 1. Let t = -8 - -15. Let s = t - k. Let v(u) = u - 14. What is v(s)?
-8
Let p be (6/4)/(1449/1610). Let j(f) be the first derivative of 10 + 7*f - p*f**3 + 1/4*f**4 - 3/2*f**2. Determine j(5).
-8
Let m(t) = -52 + 3*t - 108 + 236. Calculate m(-24).
4
Let j = 123 - 129. Let p(z) = -13 - 11*z + 17*z - 7*z. Give p(j).
-7
Let k(y) = -4*y + 23. Let x be k(5). Let b(q) = 36*q**2 - 74*q**2 + 6 + 27*q**2 + 7*q - q**x + 5*q. Calculate b(-12).
6
Let z = 6 - 5. Suppose -2*d + 7*d = 5*y, -2*d + y = -z. Let g(p) = -6*p**2 + p - 1. Give g(d).
-6
Let p(h) = -5*h - 1. Let s(c) = c**3 + c**2 + c - 1. Suppose -5*x = -2*x - 4*u - 61, -4*x + 81 = -5*u. Let b = x - 19. Let q be s(b). Give p(q).
4
Let q(b) = -42*b**2 - 11*b**2 + 5 + 54*b**2. Calculate q(-5).
30
Let w(t) be the third derivative of -2/3*t**3 - 15*t**2 - 1/4*t**4 + 1/30*t**5 + 0*t + 0. Determine w(5).
16
Let v(h) = -7*h + 9. Let r(b) = -10*b + 14. Let u(k) = 5*r(k) - 7*v(k). Let n be (-42)/(-336) - (285/(-24) - 0). What is u(n)?
-5
Let v(j) = -10 - 2*j - 4 + 28 - 8. Let y(o) = o - 1. Let q(s) = -v(s) - 3*y(s). What is q(-5)?
2
Let o = 231 - 235. Let z(v) = 2*v**2 + 6*v. Determine z(o).
8
Let d(f) be the third derivative of -f**4/12 + 2*f**3/3 - 20*f**2. Let v be -10*((-2)/(-4) + -1). Determine d(v).
-6
Let l(x) = -5*x + 6. Let h(n) be the second derivative of -5*n**3/6 - 19*n**2/2 - 10*n. Let j be h(-5). What is l(j)?
-24
Let b(m) = -3*m + 7. Let d be b(3). Let r be 3 + -3 - (d + -20). Let u be 1/3 - r/(-33). Let q(s) = -5*s. Calculate q(u).
-5
Let n(m) be the first derivative of -m**3/3 + 5*m**2 - 4*m + 4. What is n(9)?
5
Let o(i) = -526*i - 4739. Let t be o(-9). Let w(j) be the first derivative of j**3/3 + 5*j**2/2 - 6*j - 2. Give w(t).
-6
Let c(p) = 5 + p + 5 + 3 - 6. Let b = -36 + 67. Let m = b + -31. Calculate c(m).
7
Let t = 2 + -1. Let o(z) be the second derivative of z**7/2520 - z**6/720 + 19*z**4/3 + 69*z. Let g(m) be the third derivative of o(m). Calculate g(t).
0
Let d be (-7)/(-2) - 3/(-6). Let k(m) 